ens digit of f(q)?
2
Let a = -1092 - -1607. What is the units digit of a?
5
Let t be ((-44)/55)/(4/110). Let l = 97 + t. Suppose -l = 3*p - 8*p. What is the units digit of p?
5
Let k(d) = d**2 + 7*d - 16. Let l = 74 - 70. What is the units digit of k(l)?
8
Let v be (-1)/3*(-9 + 9). Suppose v*l + 3*l - 171 = 0. What is the units digit of l?
7
Let w be (-5)/(-10)*(11 - -1). Suppose -5*d + 2*b + 531 = 0, w*d = 3*d + 4*b + 327. What is the hundreds digit of d?
1
Suppose 0 = 71*l - 82*l + 2981. What is the tens digit of l?
7
Let b = -13 + 3. Let m = b + 14. Suppose 4*q - 2*h - 118 = 0, m*q + 8*h = 3*h + 111. What is the units digit of q?
9
Let g(q) = -q - 6. Let h be g(-8). Suppose h*l + 10 = 3*i - 3, 2*l = 5*i - 15. Suppose -b = y - i, 4*b = -y + 3*y - 14. What is the units digit of y?
3
Let h = -176 - -518. Let v = h - 92. What is the tens digit of v?
5
Let p(v) = -v**3 - 2*v**2 - 11*v - 7. Let i(x) = x**3 - 3*x + 13. Let n be i(-3). What is the units digit of p(n)?
3
Let j(s) = -s**3 + 19*s**2 - 11*s + 20. What is the hundreds digit of j(14)?
8
Suppose -x + 0*x + 7 = l, -5*l + 2*x = -28. What is the tens digit of (l*(-10)/(-14))/((-5)/(-35))?
3
Let c(z) = 2*z**2 + 5*z - 4. Let o be ((-54)/15)/((-6)/15). Let l = o - 13. What is the units digit of c(l)?
8
Let w = -1288 - -2084. What is the hundreds digit of w?
7
Let a(z) = -z**3 + 18*z**2 + 20*z - 14. Let i be a(19). Suppose -4*v + 4*m - 2*m + 288 = 0, 0 = i*v + 3*m - 360. What is the units digit of v?
2
What is the tens digit of (48/36)/(1/120)?
6
Let v(f) = -2*f - 6. Let p be v(-4). Let j(b) = -66*b + 14. Let w be j(-1). Suppose 2*i - w = -p*i. What is the tens digit of i?
2
Let k = -896 - -1567. Suppose -k = -5*v + 4*f - f, -4*v + 5*f = -529. Suppose 43 = -3*q + v. What is the tens digit of q?
3
Suppose -23*i + 60652 + 6186 = 0. What is the units digit of i?
6
Let q = -8 + 8. Suppose 5*b - 60 - 40 = q. Suppose -b - 7 = -n. What is the units digit of n?
7
Suppose -4*q + 213 = -q + 3*y, -2*q + 130 = -y. Let b = q - 25. What is the units digit of b?
2
Suppose 2*i + 2*s = 0, -6 - 4 = 3*i + s. What is the units digit of (-250)/i + (-2 - -3)?
1
Let t(x) = -x + 20 + 4 + 3. What is the units digit of t(21)?
6
Suppose -30*w = -9098 + 8. What is the hundreds digit of w?
3
Suppose -114*y + 118*y = 12. Suppose y*f - 3*q = 321, 2*f + q - 99 = f. What is the tens digit of f?
0
Let d = 818 - -224. What is the thousands digit of d?
1
Suppose -5*y = 3*v - 637, -367 = -3*y - v + 3*v. What is the tens digit of y?
2
Let l(t) = -5*t - 9. Suppose 0 = j - 3*x - 7, -j + 2*j - 2*x - 2 = 0. What is the tens digit of l(j)?
3
Let f(u) = 2*u + 6. Let n be (-616)/(-120) + 4/(-30). Suppose -3*p + 4 = -n*p, -3*s = -5*p - 28. What is the units digit of f(s)?
8
Let u(n) = 5*n + 7. Let a be u(2). Suppose -15*v + a*v - 240 = 0. What is the units digit of v?
0
Let r(w) = -260*w - 202. What is the hundreds digit of r(-4)?
8
Let u(z) = -2*z - 10 - 4*z + 3*z + 2*z. Let m be u(-6). What is the tens digit of 14 - (-1 + 5)/m?
1
Let x = 20 - 12. Let j(l) = l**2 + 6*l - 6. Let r be j(-7). What is the units digit of ((-10)/(-4) - r)*x?
2
Let z be 17*7 + (-8 - -4). What is the hundreds digit of (-32)/(-10)*(z/2 + 0)?
1
What is the units digit of (2 - -10) + 27 + -27?
2
Let b = 26 - 13. Let v = 34 - b. Let h = v + -20. What is the units digit of h?
1
Suppose 3*f - 2*w + 9 = 1, 4*f + 2*w + 34 = 0. Let p be -3 - f*(-2)/(-1). Suppose 0 = p*d - 12*d + 159. What is the tens digit of d?
5
Let h = 115 - 155. Let k = h + 63. What is the units digit of k?
3
Let m be (-1 - -2)/(4/(-20)). Let g be (-13)/(-5) - 2/m. Suppose 4*t - 3*t - g = 0. What is the units digit of t?
3
Let t = 6 + -4. Let m = -420 - -424. Suppose -4*c + 2*j + 118 = 0, 0 = m*j - 14 + t. What is the units digit of c?
1
Suppose s - p = 6162, 3*s - 5*p - 19487 = -995. What is the tens digit of s?
5
Suppose -4*j = 4*a + 12, 0 = -j - 0*a - 5*a - 23. Suppose 0 = -j*k - 0*k + 224. What is the units digit of k?
2
Suppose 37 = 2*a - 7. What is the tens digit of a?
2
Let f be 18/(-3)*3/(-9). Suppose -a = 5*h - 39, f*h - 11 = -6*a + a. Suppose -h*n = -12*n + 44. What is the tens digit of n?
1
Let q(w) = -18*w**3 - 2*w**2 - 2*w + 4. Let p be q(3). What is the tens digit of p/(-11) + -1 + 2?
4
Suppose -3*c + 6 = 0, -4*c - 74 = -3*j - 22. Suppose 4*k = -0*k - j, 2*n + 2*k + 4 = 0. Suppose -n*q + 29 = 14. What is the units digit of q?
5
Suppose 4*h = 4*k + 3*h - 17, -14 = -3*k + 2*h. Suppose -k*m + 168 = -352. What is the hundreds digit of m?
1
Let b(u) = 6*u**3 + u**2 - 3*u + 4. Let t be b(2). Suppose 2*k - 22 = -w, -2*k = -4*w + 18 + t. What is the units digit of w?
8
Suppose 0 = 3*d + 30 - 135. Suppose -d + 19 = -2*a. What is the units digit of a?
8
Let h be (-26)/(-143) - (0 - 1668/22). Let k = h + -25. What is the units digit of k?
1
What is the units digit of -3 + (-1940)/8*4/(-10)?
4
Let g = 304 - 211. Let x = -1 + g. What is the tens digit of x?
9
Let u(b) = 3*b - 2. Let r be u(5). Suppose 0 = -p - 5*n + 2, 3*n - r = 4*p + 2. What is the tens digit of (p/2)/(1/(-22))?
3
Let x be (-8)/(-12)*19*6. Let d = x + -29. What is the units digit of d?
7
Suppose -5*v = -v - 28. Let s(d) = 2 + 0*d + 4 + v*d + 2*d**2. What is the tens digit of s(-6)?
3
Suppose 6*b = -b + 35. Suppose -b*k = n - 24, k + 2*n = 3*n + 6. What is the units digit of k?
5
What is the units digit of (-12)/(((-15)/62)/5)?
8
Let m(t) = 68*t**2 + 9*t - 18. Let f be m(3). Let v = f - 439. What is the hundreds digit of v?
1
Suppose 2*p - 5*y = -3*p - 10, 16 = 2*p + 3*y. Let x(j) = 5*j**2 - 3*j**p + 0*j**2. What is the units digit of x(-2)?
8
Suppose 8910 = 29*k + k. What is the units digit of k?
7
Let i = 15807 - 10517. What is the tens digit of i?
9
Suppose 10*b + 562 - 6052 = 0. What is the hundreds digit of b?
5
Let a = 28 - 83. Let r = a + 83. Suppose 3*t = -2*v + 62, 3*t + r = 2*v - 10. What is the units digit of v?
5
Let w(s) = 8*s**2 - 5*s - 16. What is the hundreds digit of w(9)?
5
Let t(w) = w**2 + 10*w - 55. What is the hundreds digit of t(27)?
9
Let v(l) = -l**3 + 40*l**2 - 84*l + 71. What is the units digit of v(37)?
0
Let k(p) = p - 5. Let q be k(-7). Let t = q - -9. What is the tens digit of ((-4)/t)/((-10)/(-195))?
2
Let i be 116/16*4 + (-1)/(-1). Suppose 460 = -26*d + i*d. What is the units digit of d?
5
Suppose 4*q = -4*l - 4, 0*l + 3*l = -5*q - 9. Suppose -3*y - l*y = -160. Suppose -5*r + y = -r. What is the units digit of r?
8
Suppose -3*d = -111 - 30. What is the units digit of d?
7
Suppose 2 = 9*s - 8*s. What is the units digit of s?
2
Let v(z) be the second derivative of z**5/20 + z**4/12 - z**2 + 9*z. Let u be v(-3). What is the units digit of (0 + u)*(4 + -6)?
0
Let l be 15/(-35) + (-180)/21. Let k = l - -4. Let s = k + 14. What is the units digit of s?
9
Suppose -2*r + 0*r + 4 = 0. Suppose -i = 2*d - 24, -d + 120 = 7*i - r*i. What is the tens digit of (90/8)/(9/i)?
3
Let x = 620 - 468. What is the units digit of x?
2
Let j = 285 + -278. What is the units digit of j?
7
Suppose -4*z + 6096 = -4*t - 1764, -z - 5*t + 1983 = 0. What is the tens digit of z?
6
Suppose -2*t - 2*t = -68. Let r = t + -17. Suppose 64 = 2*u - r*u. What is the units digit of u?
2
Suppose 6*h - 29 = 5*h - 5*t, -2 = -h + 4*t. Suppose 0 = 6*w - 322 - h. What is the units digit of w?
6
Let z be 1*3*105/45. Suppose -3 + z = g, -x + 54 = -4*g. Let c = x + -40. What is the tens digit of c?
3
Let r be (-9)/((-27)/(-12)) - -8. Suppose r*j - 52 = 12. Suppose 5*w = j + 24. What is the units digit of w?
8
Let c be (-4 + (-7)/(-2))*0. Suppose 0*w - w + 5 = c. What is the units digit of w?
5
Let t(h) = -h**3 - 6*h**2 + 13*h + 2. Let y be (-33)/(-22)*16/(-3). What is the tens digit of t(y)?
2
Suppose -4*s = -9*s + 20. Suppose 150 + 122 = s*p. What is the tens digit of p?
6
Suppose 0 = -3*y - y + 40. Let s be (-5 + -7)/(4/y). Let d = s + 46. What is the units digit of d?
6
Let d = -1722 + 2640. What is the units digit of d?
8
Let o = -16 - -21. Suppose -54 = -o*i - 9. Let y = -5 + i. What is the units digit of y?
4
What is the tens digit of (-4 - -6 - -425) + 6?
3
Let r(h) = h**3 - 2*h**2 - 8*h + 14. Let v be r(6). Let c = v + -99. What is the tens digit of c?
1
Let c be (-5 - -4)/((-2)/(-8)). Let w be -12*c*4/24. What is the tens digit of (78/(-9)